2 - 604*t - 7090. Determine j(-12).
14
Let j(l) = 19*l**3 + l**2 - 7*l - 1940. Determine j(0).
-1940
Let v(b) = 2*b**3 - 26526*b**2 + 159092*b - 52. What is v(6)?
-4
Let m(l) = -2559*l + 18067. What is m(7)?
154
Let w(q) = q**3 - 58*q - 341. Determine w(7).
-404
Let a(o) = -409*o + 4514. Determine a(7).
1651
Let k(j) = 4*j**3 + 34*j**2 + 71*j - 11. Give k(-5).
-16
Let y(a) = a**3 - 278*a**2 + 2917*a - 7132. Calculate y(7).
8
Let a(q) = -3463*q + 121328. What is a(35)?
123
Let y(b) = -2582*b - 175571. Give y(-68).
5
Let g(d) = -171*d - 32622. Give g(-182).
-1500
Let g(i) = 2477*i + 812477. Determine g(-328).
21
Let q(r) = -2326*r - 23163. Determine q(-10).
97
Let c(o) = -o**3 + 2*o**2 - 8*o - 7. What is c(0)?
-7
Let q(l) = -20*l**2 - 381*l + 766. What is q(2)?
-76
Let d(f) = f**3 + 170*f**2 + 76*f - 15811. Calculate d(-169).
-94
Let r(m) = -m**3 - 44*m**2 + 67*m + 4702. What is r(-43)?
-28
Let j(g) = g**3 - 238*g**2 + 191*g - 102792. Calculate j(239).
-22
Let l(g) = -20642*g - 6956356. Calculate l(-337).
-2
Let s(z) = z**3 + 31*z**2 - 891*z - 24751. What is s(-37)?
2
Let i(r) = r**3 - 396*r**2 - 7938*r + 22025. Give i(415).
30
Let o(c) = 8094*c**2 - 428975*c - 365. Give o(53).
6
Let y(t) = 319*t**2 - 327*t + 1051. Give y(3).
2941
Let n(m) = -6*m**2 - 165*m - 13. Calculate n(-7).
848
Let c(a) = a**3 - 28*a**2 + 155*a + 20. What is c(20)?
-80
Let n(v) = 7542*v**2 + 75399*v - 200. What is n(-10)?
10
Let x(m) = -513493*m + 513462. Calculate x(1).
-31
Let m(t) = t**3 - 2*t**2 - 8*t + 4. What is m(8)?
324
Let q(z) = -746*z**2 + 4359*z + 691. Give q(6).
-11
Let d(l) = l**2 - 471*l + 48977. Give d(155).
-3
Let f(s) = -2925*s**2 + 2934*s - 15. What is f(1)?
-6
Let j(w) = 6*w**2 + 21*w - 808. What is j(-13)?
-67
Let w(v) = -27*v**3 + 488*v + 1906. Calculate w(-4).
1682
Let o(f) = 783*f - 75108. What is o(96)?
60
Let m(q) = q**3 - 1271*q**2 - 81256*q + 5332. Determine m(1332).
4
Let r(h) = -h**2 - 2222*h - 550394. Calculate r(-284).
-2
Let m(w) = 32*w - 3655. Give m(119).
153
Let i(s) = -30*s**2 - 163*s + 7. What is i(-4)?
179
Let c(s) = 10824*s + 43366. What is c(-4)?
70
Let p(c) = 30*c + 30828. Calculate p(-1028).
-12
Let n(o) = 97*o + 572. What is n(-14)?
-786
Let d(l) = 23*l**2 - 949*l - 9785. Give d(-10).
2005
Let s(i) = -6438*i - 1165288. Calculate s(-181).
-10
Let w(x) = 2*x**3 - 242*x**2 - 4374*x - 380. Determine w(137).
990
Let c(l) = 3572*l + 231777. Give c(-65).
-403
Let i(p) = 17*p**2 + 165*p - 8. Calculate i(-10).
42
Let d(a) = a**3 + 7*a**2 + 19295*a + 38582. What is d(-2)?
12
Let i(n) = -418*n**2 - 4580*n + 168. Calculate i(-11).
-30
Let g(c) = 3*c**2 + 7*c + 32. Determine g(-7).
130
Let u(l) = -304*l**2 + 1238*l + 1239. Give u(-1).
-303
Let l(r) = -r**3 - 746*r**2 + 5268*r - 1. Determine l(7).
-22
Let x(z) = -2016*z - 391007. Give x(-194).
97
Let c(b) = 4*b**2 + 280*b - 35903. Calculate c(-136).
1
Let a(n) = -230*n - 699. Determine a(6).
-2079
Let f(h) = -2*h**3 - 562*h**2 - 65*h - 18166. Determine f(-281).
99
Let j(q) = -4*q**2 + 1154*q + 16960. Determine j(-14).
20
Let c(i) = -71*i**2 - 1663*i - 37. Calculate c(-23).
653
Let o(t) = 53*t + 9224. Give o(-135).
2069
Let z(s) = 9*s**3 - 4*s**2 - 37*s + 7. What is z(-3)?
-161
Let t(u) = 29*u**2 + 1383*u + 13092. What is t(-13)?
14
Let n(q) = 34*q**2 + 1552*q - 842. Give n(-46).
-290
Let n(g) = 20779*g + 17246563. Give n(-830).
-7
Let u(f) = 8*f**3 - 183*f**2 + 352*f - 773. Determine u(21).
4
Let a(y) = -11477*y - 103282. What is a(-9)?
11
Let f(c) = -1172*c + 104835. Calculate f(89).
527
Let z(s) = 17*s**2 + 6358*s + 2651. Determine z(-373).
-3690
Let b(w) = w**3 - 92*w**2 + 24*w + 5861. What is b(91)?
-236
Let k(p) = p**2 + 349*p + 22964. Determine k(-88).
-4
Let o(p) = 9690*p**2 - p + 30. Give o(0).
30
Let s(o) = -11356*o - 68013. Calculate s(-6).
123
Let i(a) = -1800811*a - 18008117. Determine i(-10).
-7
Let i(z) = 66*z**2 - 12336*z - 1209. Give i(187).
-87
Let h(a) = -6*a**2 + 3121*a - 213773. What is h(439)?
20
Let w(y) = -386*y - 42532. Calculate w(-100).
-3932
Let d(j) = -8098*j + 49334. Calculate d(6).
746
Let r(j) = -34617*j + 2561668. Calculate r(74).
10
Let n(s) = 281*s**2 - 9117*s + 9116. Determine n(1).
280
Let b(p) = 5085*p + 86539. What is b(-17)?
94
Let l(g) = 2*g**3 + 309*g**2 + 3615*g + 9196. Give l(-142).
-34
Let l(j) = -43*j**2 + 3866*j - 17898. Calculate l(85).
37
Let k(j) = 92*j - 32348. Determine k(352).
36
Let c(r) = 23698*r - 189583. Determine c(8).
1
Let k(x) = -2*x**3 - 9*x**2 + 365*x + 2626. Give k(-9).
70
Let l(c) = -c**2 - 29431*c - 3166903. Calculate l(-108).
-19
Let d(k) = -109190*k + 4476795. What is d(41)?
5
Let o(l) = l**2 + 427*l + 5622. Calculate o(-14).
-160
Let o(p) = -98*p**2 - 2057*p + 4495. Calculate o(2).
-11
Let g(w) = -w**3 - 219*w**2 - 2960*w + 15959. Determine g(-19).
-1
Let f(j) = j**3 + 30*j**2 - 84*j + 479. Determine f(-33).
-16
Let p(u) = u**2 + 119*u + 760. Determine p(-7).
-24
Let s(d) = -d**2 + 8698*d - 69564. Calculate s(8).
-44
Let v(g) = -4*g**3 - 288*g**2 + 8*g + 476. Determine v(-72).
-100
Let y(l) = 10*l**2 + 171*l - 1453. Give y(7).
234
Let a(u) = 130*u**2 + 922*u + 1849. What is a(-2)?
525
Let o(y) = -606*y - 31892. Give o(-55).
1438
Let i(k) = -4*k**2 + 99*k + 417. What is i(29)?
-76
Let y(j) = j**3 - 94*j**2 + 1189*j - 73. Give y(15).
-13
Let i(b) = -66521*b + 465647. Determine i(7).
0
Let u(v) = 81*v**3 + 24*v**2 + 11*v - 2. Calculate u(-4).
-4846
Let m(i) = -49*i**2 + 574*i + 4596. Calculate m(-8).
-3132
Let p(k) = 9*k**3 - 22*k**2 - 3*k - 36. Calculate p(3).
0
Let z(g) = 3195*g - 12679. Calculate z(4).
101
Let y(f) = -2*f**3 + 26*f**2 - 94*f + 62. What is y(9)?
-136
Let y(u) = -1770*u**2 - 28314*u + 85. Determine y(-16).
-11
Let x(z) = -22*z**2 + 580*z - 2693. Determine x(6).
-5
Let z(w) = -271581*w - 543223. What is z(-2)?
-61
Let a(u) = 530*u**2 + 11131*u - 16. What is a(-21)?
-37
Let f(s) = -54495*s - 653052. Determine f(-12).
888
Let k(u) = u**3 + 41*u**2 - 21336*u + 24. Give k(127).
24
Let y(k) = 415*k**2 - 27*k + 39. What is y(1)?
427
Let f(n) = -284189*n + 2273513. Determine f(8).
1
Let o(u) = -2*u**2 - 2684*u + 29776. What is o(11)?
10
Let b(q) = q**2 + 172641*q + 2416763. Determine b(-14).
-15
Let a(t) = 52429*t + 157341. What is a(-3)?
54
Let h(v) = 8346*v - 1936267. Calculate h(232).
5
Let v(g) = 3670*g + 111306. Calculate v(-30).
1206
Let a(x) = -1915*x - 15324. Give a(-8).
-4
Let r(w) = -23*w**3 - 202*w**2 + 896*w + 105. Determine r(-12).
9
Let q(b) = -3138*b - 445431. Determine q(-142).
165
Let y(o) = 54*o**3 + 15*o**2 + 162*o - 163. Determine y(1).
68
Let k(j) = -32402*j - 972020. Give k(-30).
40
Let i(a) = -684*a - 1408. Determine i(-2).
-40
Let d(g) = -g**3 + 81*g**2 - 992*g - 151. What is d(66)?
-283
Let p(v) = 4*v**3 + 20*v**2 + 543*v + 4220. What is p(-8)?
-892
Let q(o) = -115*o + 36169. What is q(313)?
174
Let o(c) = -767*c**2 - 46023*c - 185. Determine o(-60).
-5
Let r(q) = -149*q**3 - 6*q**2 + 36*q - 52. Calculate r(2).
-1196
Let f(r) = -1526*r - 6191. Determine f(-4).
-87
Let h(q) = q**3 + 58*q**2 + 121*q - 2648. What is h(-55)?
-228
Let n(g) = 25*g**2 + 14818*g - 19004. What is n(-594)?
4
Let f(j) = -j**2 + 15076*j - 960765. Calculate f(64).
3
Let m(k) = 29*k**3 - 19*k**2 - 200*k - 2. Calculate m(3).
10
Let n(a) = 4*a**3 + 1506*a**2 + 76444*a - 8840. Calculate n(-316).
8
Let o(v) = 2*v**2 - 185*v - 660. Calculate o(95).
-185
Let b(i) = -1176*i - 455212. Give b(-387).
-100
Let y(r) = 294*r**2 - 6851*r + 26911. Calculate y(5).
6
Let u(n) = 354*n + 127052. What is u(-359)?
-34
Let w(y) = 2*y**2 - 33*y - 203. Give w(-4).
-39
Let o(i) = 286*i - 9992. Calculate o(35).
18
Let k(f) = 81038*f + 7860701. Give k(-97).
15
Let k(i) = -4469*i + 13136. What is k(3)?
-271
Let f(n) = 51291*n**2 + 2564538*n - 604. Calculate f(-50).
-4
Let k(a) = 103*a**2 - 285*a - 578. Give k(-2).
404
Let d(m) = -3*m**3 - 137*m**2 + 50*m + 350. Determine d(-46).
166
Let k(y) = 328*y - 1160. Calculate k(3).
-176
Let m(c) = 282*c**2 - 7704*c + 16338. What is m(25)?
-12
Let x(m) = 1011*m + 4092. Determine x(-4).
48
Let n(s) = 368*s**2 - 3*s + 652. What is n(0)?
652
Let l(t) = -4*t**3 + 122*t**2 + 255*t + 6. Calculate l(-2).
16
Let r(h) = -h**2 - 7*h + 19. Give r(11).
-179
Let p(i) = -185*i + 19971. Calculate p(108).
-9
Let l(k) = 1306